{"id":3673,"date":"2020-06-25T19:12:09","date_gmt":"2020-06-25T19:12:09","guid":{"rendered":"https:\/\/fundacioncrea.com.ar\/?page_id=3673"},"modified":"2021-04-18T15:53:57","modified_gmt":"2021-04-18T15:53:57","slug":"casa-de-reinsercion","status":"publish","type":"page","link":"https:\/\/fundacioncrea.com.ar\/bienvenido\/casa-de-reinsercion\/","title":{"rendered":"Casa de Reinserci\u00f3n"},"content":{"rendered":"<div class=\"wpb-content-wrapper\"><p>[vc_row][vc_column][vc_single_image image=\u00bb4112&#8243; img_size=\u00bblarge\u00bb alignment=\u00bbcenter\u00bb][vc_empty_space][vc_column_text]<span style=\"font-weight: 400;\">Damos lugar a personas que han finalizado su etapa de internaci\u00f3n y entran a la <strong>fase final<\/strong> a trav\u00e9s de un <strong><span style=\"color: #ff9900;\">tratamiento ambulatorio<\/span><\/strong>. Casa que alojar\u00e1 <span style=\"color: #ff0000;\"><strong>nuevos comienzos<\/strong><\/span>. Etapa donde se retoman los lazos sociales y la vida laboral.<\/span>[\/vc_column_text][vc_empty_space][\/vc_column][\/vc_row][vc_row][vc_column][vc_video link=\u00bbhttps:\/\/youtu.be\/r0Y1mk0GUBc\u00bb align=\u00bbcenter\u00bb][vc_empty_space height=\u00bb52px\u00bb][\/vc_column][\/vc_row][vc_row][vc_column][vc_empty_space height=\u00bb52px\u00bb][\/vc_column][\/vc_row][vc_row][vc_column][\/vc_column][\/vc_row]<\/p>\n<\/div>","protected":false},"excerpt":{"rendered":"<p>[vc_row][vc_column][vc_single_image image=\u00bb4112&#8243; img_size=\u00bblarge\u00bb alignment=\u00bbcenter\u00bb][vc_empty_space][vc_column_text]Damos lugar a personas que han finalizado su etapa de internaci\u00f3n y entran a la fase final a trav\u00e9s de un tratamiento ambulatorio. Casa que alojar\u00e1 nuevos comienzos. Etapa donde se retoman los lazos sociales y la vida laboral.[\/vc_column_text][vc_empty_space][\/vc_column][\/vc_row][vc_row][vc_column][vc_video link=\u00bbhttps:\/\/youtu.be\/r0Y1mk0GUBc\u00bb align=\u00bbcenter\u00bb][vc_empty_space height=\u00bb52px\u00bb][\/vc_column][\/vc_row][vc_row][vc_column][vc_empty_space height=\u00bb52px\u00bb][\/vc_column][\/vc_row][vc_row][vc_column][\/vc_column][\/vc_row]<\/p>\n","protected":false},"author":2,"featured_media":0,"parent":0,"menu_order":0,"comment_status":"closed","ping_status":"closed","template":"","meta":{"give_campaign_id":0,"_monsterinsights_skip_tracking":false,"_monsterinsights_sitenote_active":false,"_monsterinsights_sitenote_note":"","_monsterinsights_sitenote_category":0,"footnotes":""},"class_list":["post-3673","page","type-page","status-publish","hentry","description-off"],"campaignId":"","_links":{"self":[{"href":"https:\/\/fundacioncrea.com.ar\/bienvenido\/wp-json\/wp\/v2\/pages\/3673","targetHints":{"allow":["GET"]}}],"collection":[{"href":"https:\/\/fundacioncrea.com.ar\/bienvenido\/wp-json\/wp\/v2\/pages"}],"about":[{"href":"https:\/\/fundacioncrea.com.ar\/bienvenido\/wp-json\/wp\/v2\/types\/page"}],"author":[{"embeddable":true,"href":"https:\/\/fundacioncrea.com.ar\/bienvenido\/wp-json\/wp\/v2\/users\/2"}],"replies":[{"embeddable":true,"href":"https:\/\/fundacioncrea.com.ar\/bienvenido\/wp-json\/wp\/v2\/comments?post=3673"}],"version-history":[{"count":4,"href":"https:\/\/fundacioncrea.com.ar\/bienvenido\/wp-json\/wp\/v2\/pages\/3673\/revisions"}],"predecessor-version":[{"id":4948,"href":"https:\/\/fundacioncrea.com.ar\/bienvenido\/wp-json\/wp\/v2\/pages\/3673\/revisions\/4948"}],"wp:attachment":[{"href":"https:\/\/fundacioncrea.com.ar\/bienvenido\/wp-json\/wp\/v2\/media?parent=3673"}],"curies":[{"name":"wp","href":"https:\/\/api.w.org\/{rel}","templated":true}]}}

Casa de Reinserción

<div class="wpb-content-wrapper"><p>[vc_row][vc_column][vc_single_image image=»4112&#8243; img_size=»large» alignment=»center»][vc_empty_space][vc_column_text]<span style="font-weight: 400;">Damos lugar a personas que han finalizado su etapa de internación y entran a la <strong>fase final</strong> a través de un <strong><span style="color: #ff9900;">tratamiento ambulatorio</span></strong>. Casa que alojará <span style="color: #ff0000;"><strong>nuevos comienzos</strong></span>. Etapa donde se retoman los lazos sociales y la vida laboral.</span>[/vc_column_text][vc_empty_space][/vc_column][/vc_row][vc_row][vc_column][vc_video link=»https://youtu.be/r0Y1mk0GUBc» align=»center»][vc_empty_space height=»52px»][/vc_column][/vc_row][vc_row][vc_column][vc_empty_space height=»52px»][/vc_column][/vc_row][vc_row][vc_column][/vc_column][/vc_row]</p>
</div>

<p>[vc_row][vc_column][vc_single_image image=»4112&#8243; img_size=»large» alignment=»center»][vc_empty_space][vc_column_text]Damos lugar a personas que han finalizado su etapa de internación y entran a la fase final a través de un tratamiento ambulatorio. Casa que alojará nuevos comienzos. Etapa donde se retoman los lazos sociales y la vida laboral.[/vc_column_text][vc_empty_space][/vc_column][/vc_row][vc_row][vc_column][vc_video link=»https://youtu.be/r0Y1mk0GUBc» align=»center»][vc_empty_space height=»52px»][/vc_column][/vc_row][vc_row][vc_column][vc_empty_space height=»52px»][/vc_column][/vc_row][vc_row][vc_column][/vc_column][/vc_row]</p>
