{"id":2716,"date":"2020-05-29T16:29:34","date_gmt":"2020-05-29T16:29:34","guid":{"rendered":"https:\/\/fundacioncrea.com.ar\/demo\/?page_id=2716"},"modified":"2025-10-07T17:12:02","modified_gmt":"2025-10-07T17:12:02","slug":"como-ayudar-3","status":"publish","type":"page","link":"https:\/\/fundacioncrea.com.ar\/bienvenido\/como-ayudar-3\/","title":{"rendered":"C\u00f3mo Ayudar?"},"content":{"rendered":"<div class=\"wpb-content-wrapper\"><p>[vc_row][vc_column][vc_empty_space height=\u00bb35px\u00bb][vc_custom_heading text=\u00bbSIEMBRA Y COSECHA\u00bb font_container=\u00bbtag:h2|text_align:center|color:%232b2b2b\u00bb google_fonts=\u00bbfont_family:Montserrat%3Aregular%2C700|font_style:400%20regular%3A400%3Anormal\u00bb][vc_empty_space height=\u00bb35px\u00bb][\/vc_column][\/vc_row][vc_row][vc_column][vc_row_inner][vc_column_inner][vc_column_text]<span style=\"font-weight: 400;\">Sembramos en todo aquello a lo que dedicamos <strong><span style=\"color: #ffcc00;\">recursos<\/span> <\/strong>como el tiempo, talentos, profesiones, emociones y dinero. <\/span><span style=\"font-weight: 400;\">\u2063<\/span><\/p>\n<p><span style=\"font-weight: 400;\">Sembrar en CREA es aportar tu grano de arena para que vidas tengan un<strong><span style=\"color: #ff6600;\"> giro de 180\u00b0<\/span><\/strong> y puedan recuperar el futuro y los sue\u00f1os que les fueron quitados. <\/span><span style=\"font-weight: 400;\">\u2063<\/span><\/p>\n<p style=\"text-align: left;\"><span style=\"font-weight: 400;\">Sembrar en estas <strong><span style=\"color: #ffcc00;\">ni\u00f1as, en adolescentes, j\u00f3venes o mayores <\/span><\/strong><\/span><span style=\"font-weight: 400;\"> es <strong><span style=\"color: #ff0000;\">cosechar<\/span> <\/strong>vidas transformadas y esperanzas devueltas. <\/span><span style=\"font-weight: 400;\">\u2063<\/span><\/p>\n<p>[\/vc_column_text][vc_separator color=\u00bborange\u00bb style=\u00bbshadow\u00bb border_width=\u00bb3&#8243; css_animation=\u00bbnone\u00bb css=\u00bb.vc_custom_1590799882512{margin-top: 20px !important;}\u00bb][vc_column_text]La <strong><span style=\"color: #ff0000;\">membres\u00eda solidaria<\/span><\/strong> es un <strong><span style=\"color: #ffcc00;\">aporte econ\u00f3mico<\/span><\/strong> cuyo monto, tiempo de duraci\u00f3n y medio de pago son ..determinados y establecidos por dicho miembro. A trav\u00e9s de lo siguientes <strong>medios de colaboraci\u00f3n<\/strong>:[\/vc_column_text][\/vc_column_inner][\/vc_row_inner][vc_empty_space height=\u00bb35px\u00bb][vc_empty_space height=\u00bb35px\u00bb][\/vc_column][\/vc_row][vc_row][vc_column width=\u00bb1\/4&#8243;][vc_single_image image=\u00bb5474&#8243; img_size=\u00bb200&#215;200&#8243; alignment=\u00bbcenter\u00bb style=\u00bbvc_box_shadow\u00bb css_animation=\u00bbbounceIn\u00bb][vc_column_text]<\/p>\n<div class=\"desc\">\n<p>Cuenta Corriente: SANTANDER, Razon Social FUNDACION CREA COMUNIDAD DE RE<br \/>\nCUIT 30712042202<br \/>\nN de Cuenta: CC en Pesos 478-000830\/1,<br \/>\nCBU: 0720478820000000083018<br \/>\nAlias: FundacionCrea<\/div>\n<p>[\/vc_column_text][vc_single_image image=\u00bb5556&#8243; img_size=\u00bb350&#215;350&#8243; alignment=\u00bbcenter\u00bb css=\u00bb\u00bb][\/vc_column][vc_column width=\u00bb1\/4&#8243;][vc_single_image image=\u00bb5480&#8243; img_size=\u00bb200&#215;200&#8243; alignment=\u00bbcenter\u00bb style=\u00bbvc_box_shadow\u00bb css_animation=\u00bbbounceIn\u00bb][vc_raw_html]JTNDZm9ybSUyMGFjdGlvbiUzRCUyMmh0dHBzJTNBJTJGJTJGd3d3LnBheXBhbC5jb20lMkZjZ2ktYmluJTJGd2Vic2NyJTIyJTIwbWV0aG9kJTNEJTIycG9zdCUyMiUyMHRhcmdldCUzRCUyMl90b3AlMjJhbGlnbiUzRCUyMmNlbnRlciUyMiUzRSUwQSUzQ2lucHV0JTIwdHlwZSUzRCUyMmhpZGRlbiUyMiUyMG5hbWUlM0QlMjJjbWQlMjIlMjB2YWx1ZSUzRCUyMl9zLXhjbGljayUyMiUyMCUyRiUzRSUwQSUzQ2lucHV0JTIwdHlwZSUzRCUyMmhpZGRlbiUyMiUyMG5hbWUlM0QlMjJob3N0ZWRfYnV0dG9uX2lkJTIyJTIwdmFsdWUlM0QlMjI4UTlZQ1JDTEFaOTlZJTIyJTIwJTJGJTNFJTBBJTNDaW5wdXQlMjB0eXBlJTNEJTIyaW1hZ2UlMjIlMjBzcmMlM0QlMjJodHRwcyUzQSUyRiUyRnd3dy5wYXlwYWxvYmplY3RzLmNvbSUyRmVuX1VTJTJGaSUyRmJ0biUyRmJ0bl9kb25hdGVDQ19MRy5naWYlMjIlMjBib3JkZXIlM0QlMjIwJTIyJTIwbmFtZSUzRCUyMnN1Ym1pdCUyMiUyMHRpdGxlJTNEJTIyUGF5UGFsJTIwLSUyMFRoZSUyMHNhZmVyJTJDJTIwZWFzaWVyJTIwd2F5JTIwdG8lMjBwYXklMjBvbmxpbmUlMjElMjIlMjBhbHQlM0QlMjJEb25hdGUlMjB3aXRoJTIwUGF5UGFsJTIwYnV0dG9uJTIyJTIwJTJGJTNFJTBBJTNDJTJGZm9ybSUzRSUzRQ==[\/vc_raw_html][\/vc_column][vc_column width=\u00bb1\/4&#8243;][vc_single_image image=\u00bb5477&#8243; img_size=\u00bb200&#215;200&#8243; alignment=\u00bbcenter\u00bb style=\u00bbvc_box_shadow\u00bb][vc_btn title=\u00bbDonar Aqu\u00ed\u00bb color=\u00bbwarning\u00bb align=\u00bbcenter\u00bb css=\u00bb\u00bb custom_onclick=\u00bbtrue\u00bb link=\u00bburl:https%3A%2F%2Fbiolibre.ar%2Ffundacioncrea|title:Mercado%20Pago\u00bb][\/vc_column][vc_column width=\u00bb1\/4&#8243;][vc_single_image image=\u00bb5478&#8243; img_size=\u00bb200&#215;200&#8243; alignment=\u00bbcenter\u00bb style=\u00bbvc_box_shadow\u00bb][vc_btn title=\u00bbDonar Aqu\u00ed\u00bb color=\u00bbwarning\u00bb align=\u00bbcenter\u00bb custom_onclick=\u00bbtrue\u00bb link=\u00bburl:https%3A%2F%2Fdonaronline.org%2Ffundacion-crea%2Fse-miembro-solidario|||\u00bb][\/vc_column][\/vc_row][vc_row][vc_column][vc_separator color=\u00bborange\u00bb style=\u00bbshadow\u00bb border_width=\u00bb3&#8243; css_animation=\u00bbnone\u00bb css=\u00bb.vc_custom_1590799882512{margin-top: 20px !important;}\u00bb][vc_empty_space height=\u00bb72px\u00bb][vc_column_text]<\/p>\n<h4 style=\"text-align: center;\"><span style=\"color: #333333;\"><strong>\u00bfRecibo alg\u00fan comprobante de mi aporte solidario?\u2063\u2063<\/strong><\/span><\/h4>\n<p style=\"text-align: center;\"><span style=\"font-weight: 400;\"><br \/>\n<\/span><span style=\"color: #333333;\"><span style=\"font-weight: 400;\">Por supuesto que s\u00ed. Toda donaci\u00f3n y membrec\u00eda recibe su comprobante por medio de FACTURACI\u00d3N de FUNDACI\u00d3N CREA<\/span>\u00a0<span style=\"font-weight: 400;\">.<\/span><span style=\"font-weight: 400;\">\u2063\u2063<\/span><\/span>[\/vc_column_text][vc_empty_space height=\u00bb22px\u00bb][\/vc_column][\/vc_row][vc_row][vc_column][\/vc_column][\/vc_row][vc_row][vc_column][vc_column_text]<\/p>\n<p style=\"text-align: center;\">Necesitamos que lo solicites , v\u00eda mails o por WhatsApp.<\/p>\n<p style=\"text-align: center;\"><span style=\"color: #ff6600;\"><a style=\"color: #ff6600;\" href=\"mailto:comunicacion.creafundacion@gmail.com\">comunicacion.creafundacion@gmail.com<\/a><\/span><\/p>\n<p>[\/vc_column_text][\/vc_column][\/vc_row][vc_row][vc_column][\/vc_column][\/vc_row]<\/p>\n<\/div>","protected":false},"excerpt":{"rendered":"<p>[vc_row][vc_column][vc_empty_space height=\u00bb35px\u00bb][vc_custom_heading text=\u00bbSIEMBRA Y COSECHA\u00bb font_container=\u00bbtag:h2|text_align:center|color:%232b2b2b\u00bb google_fonts=\u00bbfont_family:Montserrat%3Aregular%2C700|font_style:400%20regular%3A400%3Anormal\u00bb][vc_empty_space height=\u00bb35px\u00bb][\/vc_column][\/vc_row][vc_row][vc_column][vc_row_inner][vc_column_inner][vc_column_text]Sembramos en todo aquello a lo que dedicamos recursos como el tiempo, talentos, profesiones, emociones y dinero. \u2063 Sembrar en CREA es aportar tu grano de arena para que vidas tengan un giro de 180\u00b0 y puedan recuperar el futuro y los sue\u00f1os que les fueron quitados. \u2063&hellip;<\/p>\n","protected":false},"author":2,"featured_media":0,"parent":0,"menu_order":0,"comment_status":"closed","ping_status":"closed","template":"","meta":{"give_campaign_id":0,"_monsterinsights_skip_tracking":false,"_monsterinsights_sitenote_active":false,"_monsterinsights_sitenote_note":"","_monsterinsights_sitenote_category":0,"footnotes":""},"class_list":["post-2716","page","type-page","status-publish","hentry"],"campaignId":"","_links":{"self":[{"href":"https:\/\/fundacioncrea.com.ar\/bienvenido\/wp-json\/wp\/v2\/pages\/2716","targetHints":{"allow":["GET"]}}],"collection":[{"href":"https:\/\/fundacioncrea.com.ar\/bienvenido\/wp-json\/wp\/v2\/pages"}],"about":[{"href":"https:\/\/fundacioncrea.com.ar\/bienvenido\/wp-json\/wp\/v2\/types\/page"}],"author":[{"embeddable":true,"href":"https:\/\/fundacioncrea.com.ar\/bienvenido\/wp-json\/wp\/v2\/users\/2"}],"replies":[{"embeddable":true,"href":"https:\/\/fundacioncrea.com.ar\/bienvenido\/wp-json\/wp\/v2\/comments?post=2716"}],"version-history":[{"count":8,"href":"https:\/\/fundacioncrea.com.ar\/bienvenido\/wp-json\/wp\/v2\/pages\/2716\/revisions"}],"predecessor-version":[{"id":5563,"href":"https:\/\/fundacioncrea.com.ar\/bienvenido\/wp-json\/wp\/v2\/pages\/2716\/revisions\/5563"}],"wp:attachment":[{"href":"https:\/\/fundacioncrea.com.ar\/bienvenido\/wp-json\/wp\/v2\/media?parent=2716"}],"curies":[{"name":"wp","href":"https:\/\/api.w.org\/{rel}","templated":true}]}}